(-3 + -2 + 3 + 3)?
5
What is the value of (1 - -3) + -10 - (0 + -1)?
-5
Calculate 6 + (10 - 12) - (-2 - -1).
5
What is the value of 0 + (-5 - (5 + -5)) + 9?
4
-1 + 1 + (-20 - -11) + 6
-3
Evaluate -4 - (0 + 4 + -1 + -3).
-4
Evaluate 0 - (3 - -2) - -5.
0
Evaluate 6 - 0 - 4 - (3 - 2).
1
Evaluate 6 - (-7 - -14 - (0 + 2)).
1
Calculate (12 - 3) + 0 - 9.
0
What is the value of 6 + -4 + (4 - 8)?
-2
Calculate -3 - (-10 + 6) - (-1 - -1).
1
What is the value of -238 - -241 - (12 - 0)?
-9
What is -6 + (3 + 5 - -1) - 3?
0
What is -87 + 88 - (9 + (0 - 1))?
-7
Calculate 25 + -20 + 2 + -10 + 2.
-1
What is the value of 7 + -20 + 6 + 5?
-2
Calculate 4 - (0 - 1) - 2.
3
Evaluate -5 + 0 - (-30 - -20).
5
What is 5 + 1 - (34 + -33)?
5
1 + (4 - 9) + 6
2
What is -2 + -11 + 13 + -3 + 2?
-1
(3 - (-2 + 8)) + -2
-5
Calculate -10 + 9 + (-1 - 0).
-2
What is 7 + 2 + (-4 - (3 + -1))?
3
Evaluate (1 - (-5 + 5)) + 2 - 5.
-2
Evaluate -8 - (3 + (0 - 1)).
-10
Evaluate (5 - 8) + 5 - -2.
4
Calculate 0 + 1 - (-11 + 17).
-5
Evaluate 0 + -7 - ((6 - 3) + -5).
-5
Evaluate 3 - 0 - (9 + -1).
-5
Evaluate -5 - 2 - (1 - -7 - 11).
-4
-1 + -2 + 0 - (-9 + 3)
3
What is the value of 8 + -1 + 5 + -15?
-3
Evaluate -4 - (5 - 17 - -5).
3
4 + -3 + (7 + -8 - -1)
1
Calculate 2 - (3 + 0 + -2) - -4.
5
What is the value of 11 - (-3 + (3 - -7))?
4
Calculate (2 - -2) + -8 + 1.
-3
What is (5 - 8 - -1) + (1 - -5)?
4
What is the value of 3 + 1 + (-7 - 1)?
-4
5 - (9 + (-5 - 1))
2
(5 + -3 - (-1 - 7)) + -1
9
What is the value of 5 + 0 + (-5 - (2 + -5))?
3
Evaluate 3 - (-1 + 2 - (14 - 13)).
3
Calculate -1 + (7 - 6) - (2 - 4).
2
What is the value of (1 - (-2 - (-3 - 4))) + 4?
0
-4 - (-3 - (11 - 7))
3
What is (37 - 36) + (1 - 0)?
2
What is -14 + 24 + -3 - (1 - 1)?
7
(-7 - -3) + -4 - -4
-4
What is 0 + -2 - (-5 + (4 - 2))?
1
(-3 - (-3 - 2)) + 1 + -2
1
(-1 - -8 - 2 - -1) + -6
0
Evaluate 0 + -1 + (-4 - (-5 - -5)).
-5
Evaluate -2 + (7 - 4) + 4.
5
-6 - (-3 + -2) - -5
4
-6 - (0 + 1 - (40 - 38))
-5
What is -8 + 6 + -2 + (-13 - -27)?
10
Calculate (1 - 9) + 3 + 5.
0
What is 4 + -3 + -5 + 1?
-3
What is -46 - -43 - (-2 - -1)?
-2
Calculate (1 - -7) + (0 - 9).
-1
18 + -20 - (-1 + (3 - -1))
-5
Evaluate -4 + (-1 + 2 + 2 - 1).
-2
Evaluate -5 + 3 - (-15 + 19) - -5.
-1
Calculate 4 + (0 - 3) + -5.
-4
What is the value of -5 + -7 + 6 + 3 + -1?
-4
Calculate -3 + (8 - 0) + -11 - -5.
-1
What is the value of -3 - 1 - (-10 + 2 + -2)?
6
What is (3 - -3 - 6) + 2?
2
Evaluate 1 - ((8 - 4) + (-8 - 0)).
5
What is the value of -2 + 3 + (0 - 3) + 0?
-2
What is -10 + 9 + (-4 - -2) + -1?
-4
What is the value of 2 - (6 + 1 - 4)?
-1
Calculate 14 - ((1 - -3) + (10 - 7)).
7
Evaluate 0 - -5 - (4 + -27 + 22).
6
Evaluate (-6 - -3 - -3) + (2 - 2).
0
Evaluate 8 - (-4 + (5 - -13)).
-6
-3 - (-3 + -1 + -2)
3
What is the value of 1 + -5 + -191 + 188?
-7
3 - (-3 + (-9 + 5 - -6))
4
Calculate 7 - (-4 - -1 - -6).
4
Calculate -3 + (3 - -11) - 6.
5
Calculate 1 - (-2 + -1 - (1 - 4)).
1
What is -6 - (0 + 1 + -12 + 6)?
-1
What is 1 - ((5 - 9) + -1) - 5?
1
Evaluate -2 - -2 - (6 - (-5 - -5)).
-6
Calculate -2 - (-1 + 5 + -2 + 2).
-6
Calculate 1 - (-1 + (-1 + 0 - -8)).
-5
Calculate 4 + -9 + 6 + 1.
2
Evaluate -15 + 24 + 3 + -15.
-3
Evaluate 5 - (2 - 4) - 6.
1
What is -9 - 0 - (-110 - -99)?
2
What is the value of (-21 - -16) + (1 - -4)?
0
What is the value of -2 + 7 - 4 - -4?
5
Evaluate 6 + 0 + -1 + -6.
-1
What is the value of (9 - 11 - -10) + -9?
-1
What is the value of -92 - -88 - (-3 + 0)?
-1
23 + -23 + 4 + -1
3
2 + 3 - (2 - 1)
4
What is the value of 3 + -9 + 4 + 4 + 0?
2
What is 10 + -1 - (-7 + 16)?
0
Evaluate 11 + -11 + 3 - (1 + 1).
1
What is (-1 - 6 - -4) + 6 + -10?
-7
Evaluate -6 - 1 - (3 - 4 - 3).
-3
-38 + 35 - (-1 - -1)
-3
(26 - 36) + 0 + 1
-9
What is -3 + 1 - (-9 + 9)?
-2
Calculate 6 - (5 + (-4 - 3) - -5).
3
(4 - -4 - 6) + (0 - 0)
2
-7 - ((-7 - 4) + 6)
-2
Calculate (13 - 11) + 1 + 1.
4
8 + -6 - (1 - 0 - -2)
-1
Evaluate 6 + (-4 - 8) + 6.
0
What is 0 + 3 - (5 + -3 + 5)?
-4
Evaluate -3 + 4 + 2 + -6 + 3.
0
13 + (7 - 6) - 5
9
Calculate 4 - (-3 + 7) - 3.
-3
What is the value of (14 + -21 - (-5 + 2)) + 2?
-2
Evaluate -1 - -6 - ((5 - 2) + 0).
2
What is -5 + (-4 - -19) + -5?
5
(-3 - -8) + -12 + 4
-3
What is the value of 0 - (-5 + -2 + 5 - -3)?
-1
Evaluate 14 + (7 - 21) + (10 - 2).
8
Calculate 4 - (4 - 1) - 1.
0
Evaluate 5 - (0 + (3 - 3)).
5
(0 - 3) + 3 - 0
0
-23 + 23 - (-6 + 1)
5
Calculate (9 - 5) + 6 - 5.
5
Evaluate (-1 - (4 - 0)) + 7 - -4.
6
(3 - 6 - -6) + (-6 - 2)
-5
What is the value of 4 + -1 + -1 + 3 - 2?
3
What is the value of 7 + 6 + 1 + -15?
-1
Calculate 4 - ((2 - -2) + 1).
-1
Calculate ((-5 - 2) + 9 - -1) + 7.
10
What is the value of (-18 - -24) + 2 + -8?
0
What is -9 + (-2 - (-15 + 5 - -4))?
-5
What is (15 - 4) + 1 + -2?
10
Calculate 1 - (3 - 0 - (-7 - -9)).
0
Calculate (0 - 5) + 5 + 1.
1
What is 13 + -4 - (3 - -3)?
3
Calculate -2 + (-5 - (5 - 8 - 1)).
-3
What is 6 - (-6 + -1 + -15 + 20)?
8
Calculate -1 - ((-17 - -8) + 5).
3
(41 - 36) + -1 + -4
0
What is the value of 3 + 1 + 1 + 0?
5
What is the value of 0 + (7 - 1) - 6?
0
What is -4 + (-1 - -5) + 0 + 0?
0
Calculate 10 + 58 + -55 + -10 + 0.
3
Evaluate 12 + -9 + (1 - 9).
-5
What is (-5 - (-7 + 2 - -4)) + -1?
-5
What is (3 + 4 - 12) + 1?
-4
Evaluate 2 + 5 + -1 + -13 - -4.
-3
What is 7 - ((13 - (0 - -5)) + -7)?
6
Evaluate 7 - -2 - (-4 + 8).
5
What is the value of 277 + -270 - (11 + 0 + 1)?
-5
Calculate (1 - 1 - -1) + 0 + -4.
-3
Calculate (-92 - -92) + (1 - -3 - 1).
3
Calculate -7 - -3 - 3 - -1.
-6
What is (-7 - -3) + 1 + 3 - 0?
0
What is the value of -4 + (24 - 11) - 12?
-3
What is the value of -6 + 8 - (-1 + -5) - 2?
6
Evaluate 0 + 1 + -3 + 3.
1
2 + (-6 - 0) - (-2 + 1)
-3
What is 2 + -6 + 3 - -4?
3
-5 + 8 + (-4 - 0)
-1
What is the value of (5 - 1 - 3) + 4?
5
Calculate (0 - 11) + -46 + 56.
-1
Evaluate -6 + (-6 + 11 - -5).
4
What is the value of 8 - (7 + -16 + (-4 - -12))?
9
What is the value of 6 + 7 + -13 - 5?
-5
What is the value of (-3 + 5 - 6) + 9?
5
Evaluate (-1 - (-8 - -1)) + 44 + -45.
5
What is 2 + (0 - 4) - (5 - 9)?
2
Evaluate -4 + 0 + 5 + 0.
1
(7 - 3) + (-5 - -2) + 0
1
Evaluate -5 + (-19 + 15 - (-4 - 1)).
-4
Evaluate (-9 - -7) + (1 - 2).
-3
What is 6 + -2 + -3 + 1 + 0?
2
7 + (7 - 13) - (1 + -3)
3
What is the value of 5 - 2 - 0 - 2?
1
Evaluate -5 - (-6 + 3) - (13 + -15).
0
Evaluate 5 + (2 - 9) + (5 - -1).
4
What is the value of (3 - 12 - -4) + 2?
-3
What is 0 + 2 + -4 + 6 + -4?
0
What is -6 + 2 + -4 + 3?
-5
What is -9 - (12 + -9 + -15)?
3
Calculate (6 - (-8 - -1) - 6) + -8.
-1
Evaluate 6 - (-2 + 1) - (329 - 325).
3
What is 6 + (4 - (-1 + 10)) - 2?
-1
Evaluate -10 - ((-25 - 5) + 14).
6
Calculate -6 + (3 - -6 - 6 - 2).
-5
8 - (3 - -13 - 4 - 1)
-3
5 + 1 + -5 - (2 + 1)
-2
Evaluate 4 - (-7 + (-1 - (2 - 9))).
5
Evaluate -2 - -3 - (-3 - -9 - 6).
1
Evaluate 4 + 0 + (-4 - (3 + 0)).
-3
Evaluate (13 - 12) + (1 - -3).
5
Evaluate 35 - 43 - (1 + -6).
-3
(-72 - -71) + (5 + 0 - 1)
3
Calculate -1 + 0 - (0 - 3).
2
2 - (6 - (0 + 0))
-4
What is the value of -3 - (-9 - -6 - 0)?
0
What is 157 + -151 + (0 - -2 - 0)?
8
6 + (1 - (8 - -4)) - -3
-2
What is the value of 17 - 3 - 9 - 4?
1
Evaluate -12 - (5 + (1 - 7) + -5).
-6
What is (-7 - 1) + (-2 - -7)?
-3
Calculate -1 + (-4 - (-7 + -11 - -7)).
6
What is 14 + (-3 - -2) - (25 + -18)?
6
What is the value of 0 - (-5 - (-8 + 0))?
-3
Calculate -10 + -10 + (9 - -5).
-6
What is 7 - 6 - (-6 + 4)?
3
8 - ((11 - 2) + -3)
2
What is the value of 4 + 3 + -7 + 0 + 3?
3
What is -492 + 496 - (0 - -6 - -1)?
-3
Evaluate 152 + -146 + 0 + -11.
-5
What is 2 - -1 - (-3 + 2 + 1)?
3
Evaluate 42 - 41 - (0 + 4).
-3
Calculate 1 + (4 - (6 + -1)).
0
What is the value of -1 + -5 + 8 + -2?
0
What is -1 - (4 - 12 - -4)?
3
(-7 - -4 - -5) + -6
-4
9 + (-17 - -7) + 4
3
-2 - -6 - (3 + -1 - 1)
3
-5 + 0 + (6 - 0) - -7
8
Evaluate (-24 - -19) + (1 - 1).
-5
What is the value of 7 + 0 + (2 - 8) - 5?
-4
Calculate -7 + (5 - 4 - -2).
-4
Evaluate -1 + (4 + -2 - 2).
-1
What is ((-4 - -2) + 10 - 3) + -9?
-4
What is (-6 - -9) + -3 - (1 - 4)?
3
4 + (-12 - (-3 - 1 - -1))
-5
What is (1 - -2 - -5) + -2?
6
Evaluate -5 + (-4 - (-9 + 3) - -4).
1
(1 - 7) + -1 - -3
-4
-7 - (6 + -3 + -6)
-4
What is the value of -2 + (6 - 7 - -3)?
0
Evaluate (-18 - -14) + 2 + (0 - 3).
-5
-2 + (-3 - (3 + 0 - 1))
-7
What is (9 - 2) + -8 + 7?
6
What is the value of (